{"id":15066,"date":"2026-04-09T21:58:03","date_gmt":"2026-04-09T19:58:03","guid":{"rendered":"https:\/\/sdcentras.lt\/wp-content\/uploads\/Kryzkele-Tyrimas-Nuteistu-asmenu-resocializacijos-lukesciai.pdf"},"modified":"2026-04-09T21:58:03","modified_gmt":"2026-04-09T19:58:03","slug":"kryzkele-tyrimas-nuteistu-asmenu-resocializacijos-lukesciai-2","status":"inherit","type":"attachment","link":"https:\/\/sdcentras.lt\/en\/kryzkele-tyrimas-nuteistu-asmenu-resocializacijos-lukesciai-2\/","title":{"rendered":"Kry\u017ekel\u0117 Tyrimas Nuteist\u0173 asmen\u0173 resocializacijos l\u016bkes\u010diai"},"author":2,"featured_media":0,"comment_status":"closed","ping_status":"closed","template":"","meta":[],"class_list":["post-15066","attachment","type-attachment","status-inherit","hentry"],"acf":[],"aioseo_notices":[],"description":{"rendered":"<p class=\"attachment\"><a href='https:\/\/sdcentras.lt\/wp-content\/uploads\/Kryzkele-Tyrimas-Nuteistu-asmenu-resocializacijos-lukesciai.pdf'>Kry\u017ekel\u0117 Tyrimas Nuteist\u0173 asmen\u0173 resocializacijos l\u016bkes\u010diai<\/a><\/p>\n"},"caption":{"rendered":"<p>Kry\u017ekel\u0117 Tyrimas Nuteist\u0173 asmen\u0173 resocializacijos l\u016bkes\u010diai<\/p>\n"},"alt_text":"","media_type":"file","mime_type":"application\/pdf","media_details":{"filesize":156426,"sizes":{}},"post":null,"source_url":"https:\/\/sdcentras.lt\/wp-content\/uploads\/Kryzkele-Tyrimas-Nuteistu-asmenu-resocializacijos-lukesciai.pdf","_links":{"self":[{"href":"https:\/\/sdcentras.lt\/en\/wp-json\/wp\/v2\/media\/15066","targetHints":{"allow":["GET"]}}],"collection":[{"href":"https:\/\/sdcentras.lt\/en\/wp-json\/wp\/v2\/media"}],"about":[{"href":"https:\/\/sdcentras.lt\/en\/wp-json\/wp\/v2\/types\/attachment"}],"author":[{"embeddable":true,"href":"https:\/\/sdcentras.lt\/en\/wp-json\/wp\/v2\/users\/2"}]}}

Kryžkelė Tyrimas Nuteistų asmenų resocializacijos lūkesčiai

<p class="attachment"><a href='https://sdcentras.lt/wp-content/uploads/Kryzkele-Tyrimas-Nuteistu-asmenu-resocializacijos-lukesciai.pdf'>Kryžkelė Tyrimas Nuteistų asmenų resocializacijos lūkesčiai</a></p>

<p>Kryžkelė Tyrimas Nuteistų asmenų resocializacijos lūkesčiai</p>
